574660 and 30380.
620
Calculate the highest common factor of 6024 and 164071923.
753
Calculate the greatest common divisor of 583 and 44126687.
583
Calculate the greatest common factor of 7793 and 2218300829.
7793
What is the greatest common factor of 3817 and 1903429?
11
What is the greatest common factor of 97184906 and 1569?
523
What is the greatest common divisor of 358704560 and 180?
20
Calculate the highest common divisor of 297 and 453708.
27
What is the highest common divisor of 3710 and 5211808?
742
Calculate the highest common divisor of 31581048 and 1416.
1416
What is the highest common factor of 9256 and 3326464?
712
What is the greatest common divisor of 12578 and 2086624?
662
Calculate the greatest common factor of 12504 and 256776.
24
Calculate the greatest common divisor of 173442 and 244338.
1266
Calculate the greatest common factor of 585567 and 45.
9
Calculate the highest common divisor of 12702 and 301194.
174
Calculate the highest common factor of 25029 and 304857.
27
Calculate the highest common factor of 2256 and 370848189.
141
Calculate the greatest common factor of 20 and 216576.
4
Calculate the greatest common divisor of 55846818 and 48.
6
What is the greatest common divisor of 267 and 1309617111?
267
Calculate the highest common divisor of 648 and 95612400.
648
Calculate the greatest common divisor of 212 and 1964.
4
What is the greatest common divisor of 35715064 and 14?
14
What is the greatest common divisor of 37926 and 22482?
18
Calculate the greatest common factor of 6608 and 349832.
56
What is the greatest common divisor of 106645720 and 9056?
2264
Calculate the greatest common factor of 5694 and 1184676558.
5694
What is the highest common divisor of 44 and 16937162?
22
What is the highest common divisor of 15472 and 3177562?
1934
What is the highest common factor of 24239816 and 84492?
9388
Calculate the highest common divisor of 80 and 11516360.
40
What is the highest common factor of 4 and 6386085?
1
Calculate the greatest common divisor of 565750 and 2252050.
3650
What is the greatest common factor of 4452 and 19074594?
2226
Calculate the greatest common factor of 1249510545 and 45.
45
What is the greatest common factor of 3898 and 54887738?
3898
Calculate the highest common divisor of 933440 and 8920.
40
What is the highest common factor of 371 and 3091967?
53
What is the greatest common divisor of 9675421 and 17479?
1589
Calculate the greatest common factor of 57873 and 13029.
303
Calculate the greatest common divisor of 332262 and 1026.
54
What is the highest common divisor of 752533 and 38?
19
What is the greatest common divisor of 9717 and 17742294?
237
What is the greatest common factor of 48 and 7999764?
12
What is the highest common factor of 8441 and 853346?
23
What is the greatest common divisor of 1085 and 6743151?
31
What is the greatest common divisor of 169005 and 291163?
593
Calculate the highest common factor of 161 and 12281379.
23
Calculate the greatest common factor of 12 and 16782204.
12
Calculate the greatest common divisor of 10854000 and 22110.
2010
What is the greatest common divisor of 660276969 and 11649?
11649
Calculate the highest common divisor of 21893223 and 1023.
1023
Calculate the highest common factor of 40038237 and 20115.
1341
What is the highest common factor of 132 and 96773094?
66
Calculate the highest common factor of 955 and 775100.
5
Calculate the greatest common factor of 1865 and 53015.
5
What is the highest common divisor of 74 and 281330906?
74
Calculate the highest common divisor of 6604 and 626197.
13
Calculate the greatest common factor of 27220297 and 26.
13
Calculate the greatest common divisor of 88070965 and 85.
85
Calculate the highest common factor of 713510 and 560.
70
What is the greatest common factor of 1341106 and 806?
26
Calculate the greatest common factor of 1216265 and 3895.
205
Calculate the highest common divisor of 11922761 and 24688.
1543
Calculate the highest common divisor of 6242 and 20526817.
3121
What is the highest common factor of 2397014 and 21614?
214
What is the greatest common factor of 134376515 and 273?
91
Calculate the highest common factor of 58938 and 4849636.
418
What is the greatest common divisor of 4366507 and 5971?
853
What is the highest common factor of 11981741 and 454?
227
What is the highest common factor of 2889 and 43047491?
107
Calculate the highest common factor of 7996284 and 2646.
18
What is the highest common factor of 67 and 16431884?
67
What is the highest common divisor of 6628 and 17009105?
1657
Calculate the highest common divisor of 1425 and 86850.
75
Calculate the highest common factor of 91155 and 206205.
885
Calculate the greatest common divisor of 3454638 and 10098.
1122
Calculate the highest common factor of 102334 and 538289.
19
What is the highest common factor of 195 and 285562914?
39
Calculate the highest common divisor of 141501 and 3007947.
1401
Calculate the greatest common divisor of 33028025 and 680.
85
Calculate the greatest common divisor of 489244 and 3667916.
2828
Calculate the highest common divisor of 560147 and 2317.
7
What is the greatest common factor of 672 and 51128504?
56
What is the highest common divisor of 3173445 and 100439?
2137
Calculate the greatest common divisor of 23343818 and 3034.
74
What is the highest common factor of 95 and 33888989?
19
What is the highest common factor of 430 and 643620?
10
What is the highest common factor of 4713129 and 252?
9
Calculate the greatest common divisor of 2 and 21761011.
1
Calculate the greatest common factor of 366 and 924773542.
122
What is the highest common factor of 25615652 and 205?
41
Calculate the greatest common divisor of 31223548 and 68.
4
Calculate the greatest common divisor of 3630410 and 24304.
3038
Calculate the greatest common divisor of 143168802 and 11644.
5822
Calculate the greatest common divisor of 5145 and 9079.
7
What is the greatest common divisor of 2130 and 152850?
30
Calculate the greatest common factor of 35461557 and 324.
81
What is the highest common divisor of 1590637300 and 383?
383
Calculate the highest common factor of 614973 and 3021.
57
Calculate the greatest common divisor of 101600 and 41675.
25
Calculate the highest common divisor of 3922875 and 72.
9
Calculate the highest common divisor of 112 and 2713928.
56
Calculate the greatest common factor of 112 and 8841553.
7
Calculate the greatest common factor of 259356152 and 1606.
1606
What is the greatest common divisor of 197429 and 1007?
19
Calculate the greatest common divisor of 3375 and 6030125.
125
Calculate the greatest common factor of 4002 and 427953.
87
What is the greatest common factor of 8 and 20789224?
8
What is the greatest common divisor of 1093123 and 241424?
79
What is the greatest common divisor of 10 and 46141090?
10
Calculate the greatest common divisor of 5203666 and 47702.
2074
What is the greatest common factor of 258282 and 216?
54
Calculate the highest common factor of 156 and 18084840.
12
Calculate the highest common divisor of 66 and 1310802735.
33
What is the greatest common divisor of 2405622000 and 40?
40
What is the greatest common divisor of 96786648 and 56?
56
Calculate the greatest common divisor of 4352905 and 75.
5
Calculate the highest common divisor of 11445 and 734658365.
3815
Calculate the highest common divisor of 530930065 and 373.
373
Calculate the highest common factor of 47 and 184691623.
47
What is the highest common factor of 6825 and 187953675?
6825
Calculate the greatest common factor of 10226659 and 1.
1
What is the greatest common divisor of 176 and 16973?
11
What is the greatest common factor of 20646 and 294914346?
6882
Calculate the highest common divisor of 2143806 and 280.
14
What is the greatest common factor of 866 and 21885119?
433
What is the highest common divisor of 321465 and 140070?
435
Calculate the highest common factor of 22052 and 27299784.
148
Calculate the highest common divisor of 449 and 768.
1
What is the highest common divisor of 253329010 and 2442?
814
What is the greatest common factor of 181200 and 123518?
302
What is the highest common divisor of 28194 and 290302?
74
What is the highest common divisor of 11473530 and 3135?
285
What is the greatest common factor 